 factors of 13296365.
5, 31, 109, 787
What are the prime factors of 1052483?
379, 2777
List the prime factors of 141238.
2, 70619
What are the prime factors of 171142?
2, 85571
What are the prime factors of 345765?
3, 5, 7, 37, 89
List the prime factors of 735546.
2, 3, 7, 83, 211
What are the prime factors of 2276473?
71, 32063
List the prime factors of 451397.
451397
List the prime factors of 6138437.
6138437
What are the prime factors of 420079?
11, 38189
What are the prime factors of 1365283?
19, 181, 397
What are the prime factors of 742336?
2, 7, 1657
What are the prime factors of 176801?
23, 7687
List the prime factors of 822003.
3, 7, 13, 3011
What are the prime factors of 5131523?
31, 165533
What are the prime factors of 384950?
2, 5, 7699
What are the prime factors of 142856?
2, 7, 2551
What are the prime factors of 194694?
2, 3, 37, 877
What are the prime factors of 755595?
3, 5, 29, 193
What are the prime factors of 124681?
41, 3041
What are the prime factors of 6053466?
2, 3, 1008911
List the prime factors of 138996.
2, 3, 11, 13
What are the prime factors of 117983?
127, 929
List the prime factors of 9254592.
2, 3, 16067
What are the prime factors of 2517209?
163, 15443
List the prime factors of 2076858.
2, 3, 7, 53, 311
What are the prime factors of 11832916?
2, 107, 27647
What are the prime factors of 19190109?
3, 6396703
List the prime factors of 198064.
2, 12379
What are the prime factors of 2119441?
17, 124673
What are the prime factors of 662000?
2, 5, 331
What are the prime factors of 737209?
11, 29, 2311
List the prime factors of 33361917.
3, 89, 124951
List the prime factors of 5959938.
2, 3, 993323
What are the prime factors of 429456?
2, 3, 23, 389
What are the prime factors of 694784?
2, 23, 59
What are the prime factors of 742795?
5, 53, 2803
List the prime factors of 245908.
2, 13, 4729
What are the prime factors of 1297349?
1297349
List the prime factors of 1055356.
2, 439, 601
What are the prime factors of 729272?
2, 91159
List the prime factors of 1720586.
2, 7, 97, 181
What are the prime factors of 569042?
2, 284521
What are the prime factors of 6404028?
2, 3, 23, 23203
What are the prime factors of 57942?
2, 3, 29, 37
List the prime factors of 354177.
3, 23, 29, 59
List the prime factors of 20439809.
13, 29, 54217
List the prime factors of 183545.
5, 36709
List the prime factors of 1880043.
3, 11, 23, 2477
What are the prime factors of 178724?
2, 7, 13, 491
What are the prime factors of 529088?
2, 7, 1181
List the prime factors of 126112.
2, 7, 563
List the prime factors of 4454560.
2, 5, 11, 2531
List the prime factors of 444496.
2, 13, 2137
What are the prime factors of 639897?
3, 17, 12547
List the prime factors of 1556058.
2, 3, 7, 37049
What are the prime factors of 68184?
2, 3, 947
What are the prime factors of 640078?
2, 320039
List the prime factors of 6634685.
5, 43, 30859
List the prime factors of 131148.
2, 3, 3643
What are the prime factors of 2267845?
5, 453569
List the prime factors of 1724849.
7, 35201
What are the prime factors of 191534?
2, 7, 13681
What are the prime factors of 23962216?
2, 71, 42187
What are the prime factors of 202545?
3, 5, 7, 643
List the prime factors of 789720.
2, 3, 5, 6581
List the prime factors of 849662.
2, 11, 3511
List the prime factors of 8847177.
3, 2949059
What are the prime factors of 6271171?
6271171
What are the prime factors of 9566719?
9566719
What are the prime factors of 70633?
23, 37, 83
List the prime factors of 558953.
41, 13633
List the prime factors of 13195507.
13, 1015039
List the prime factors of 112349.
112349
What are the prime factors of 9839706?
2, 3, 37, 127, 349
What are the prime factors of 64059?
3, 131, 163
List the prime factors of 71019.
3, 13, 607
What are the prime factors of 480360?
2, 3, 5, 4003
List the prime factors of 548133.
3, 182711
List the prime factors of 208553.
208553
List the prime factors of 1043131.
1043131
List the prime factors of 1634563.
7, 233509
What are the prime factors of 1127226?
2, 3, 187871
What are the prime factors of 1598266?
2, 823, 971
What are the prime factors of 8630822?
2, 4315411
What are the prime factors of 47979?
3, 1777
What are the prime factors of 799827?
3, 7, 5441
List the prime factors of 73993.
61, 1213
What are the prime factors of 818029?
269, 3041
What are the prime factors of 1514645?
5, 11, 27539
List the prime factors of 22096452.
2, 3, 7, 37579
List the prime factors of 210746.
2, 105373
What are the prime factors of 4099651?
241, 17011
List the prime factors of 466127.
19, 24533
What are the prime factors of 12035819?
617, 19507
List the prime factors of 2940013.
2940013
What are the prime factors of 8331328?
2, 349, 373
List the prime factors of 69052.
2, 61, 283
What are the prime factors of 1241129?
47, 26407
What are the prime factors of 7121199?
3, 173, 13721
What are the prime factors of 491357?
491357
What are the prime factors of 215195?
5, 193, 223
What are the prime factors of 10589774?
2, 13, 407299
What are the prime factors of 29235588?
2, 3, 83, 149, 197
What are the prime factors of 1106316?
2, 3, 79, 389
List the prime factors of 64567.
64567
What are the prime factors of 1511589?
3, 17, 107, 277
List the prime factors of 1204899.
3, 193, 2081
What are the prime factors of 6789972?
2, 3, 7, 80833
List the prime factors of 221145.
3, 5, 23, 641
List the prime factors of 1337015.
5, 267403
What are the prime factors of 1873360?
2, 5, 23417
What are the prime factors of 12446?
2, 7, 127
List the prime factors of 15928953.
3, 89, 59659
What are the prime factors of 18536?
2, 7, 331
What are the prime factors of 276544?
2, 29, 149
List the prime factors of 2661456.
2, 3, 7, 89
List the prime factors of 3135744.
2, 3, 1361
List the prime factors of 630533.
59, 10687
List the prime factors of 374683.
374683
What are the prime factors of 1801370?
2, 5, 180137
What are the prime factors of 1252163?
11, 67, 1699
List the prime factors of 292134.
2, 3, 181, 269
What are the prime factors of 4039935?
3, 5, 41, 6569
What are the prime factors of 102621?
3, 79, 433
What are the prime factors of 212634?
2, 3, 11813
What are the prime factors of 219393?
3, 19, 1283
List the prime factors of 242610.
2, 3, 5, 8087
What are the prime factors of 8132387?
1399, 5813
List the prime factors of 14730756.
2, 3, 1227563
What are the prime factors of 1101910?
2, 5, 101, 1091
List the prime factors of 86401.
7, 12343
List the prime factors of 6529333.
1303, 5011
What are the prime factors of 14699116?
2, 23, 159773
What are the prime factors of 154882?
2, 7, 13, 23, 37
What are the prime factors of 1936028?
2, 17, 71, 401
List the prime factors of 642207.
3, 214069
List the prime factors of 658532.
2, 7, 29, 811
What are the prime factors of 19770185?
5, 83, 47639
List the prime factors of 33825142.
2, 13, 1300967
List the prime factors of 157646.
2, 78823
List the prime factors of 1629577.
31, 52567
What are the prime factors of 3990377?
1087, 3671
List the prime factors of 1364751.
3, 19, 23, 347
What are the prime factors of 10952581?
547, 20023
What are the prime factors of 4102263?
3, 11, 3767
What are the prime factors of 2158935?
3, 5, 163, 883
List the prime factors of 157909.
19, 8311
List the prime factors of 297420.
2, 3, 5, 4957
List the prime factors of 3531916.
2, 882979
List the prime factors of 1700252.
2, 23, 18481
List the prime factors of 108510.
2, 3, 5, 3617
List the prime factors of 239384.
2, 23, 1301
What are the prime factors of 5517964?
2, 1379491
List the prime factors of 12660021.
3, 11, 41, 3119
What are the prime factors of 7074308?
2, 19, 93083
What are the prime factors of 2731740?
2, 3, 5, 11, 4139
List the prime factors of 19893.
3, 19, 349
List the prime factors of 16318824.
2, 3, 679951
List the prime factors of 1018993.
1018993
List the prime factors of 939905.
5, 317, 593
What are the prime factors of 7450931?
7450931
List the prime factors of 3968597.
3968597
List the prime factors of 769505.
5, 11, 17, 823
List the prime factors of 199323.
3, 22147
List the prime factors of 20435841.
3, 509, 1487
List the prime factors of 5583764.
2, 449, 3109
What are the prime factors of 828688?
2, 7, 151
What are the prime factors of 8068?
2, 2017
What are the 